{"id":21428,"date":"2026-03-30T16:32:42","date_gmt":"2026-03-30T16:32:42","guid":{"rendered":"https:\/\/gpsmdlngbf.cfolks.pl\/?page_id=21428"},"modified":"2026-04-16T09:18:56","modified_gmt":"2026-04-16T09:18:56","slug":"projektant-instalacji-tryskaczowych-k-m","status":"publish","type":"page","link":"https:\/\/firewall.net.pl\/index.php\/pracuj-z-nami\/projektant-instalacji-tryskaczowych-k-m\/","title":{"rendered":"Projektant instalacji tryskaczowych (k\/m)"},"content":{"rendered":"<p><b>Praca w biurze w J\u00f3zefowie k. Warszawy | okazjonalne delegacje na wizje lokalne na terenie Polski<\/b><\/p>\n<h4><b>O stanowisku<\/b><\/h4>\n<p><span style=\"font-weight: 400;\">Firewall Sp. z o.o. poszukuje osoby na stanowisko <\/span><b>Projektanta instalacji tryskaczowych (k\/m)<\/b><span style=\"font-weight: 400;\"> do samodzielnego prowadzenia projekt\u00f3w dla obiekt\u00f3w komercyjnych, magazynowych i przemys\u0142owych.<\/span><\/p>\n<p><span style=\"font-weight: 400;\">Szukamy kandydata, kt\u00f3ry ma do\u015bwiadczenie w projektowaniu instalacji przeciwpo\u017carowych, dobrze zna specyfik\u0119 instalacji tryskaczowych i potrafi samodzielnie prowadzi\u0107 prace projektowe od etapu koncepcji, przez obliczenia hydrauliczne i dob\u00f3r rozwi\u0105za\u0144, a\u017c po przygotowanie kompletnej dokumentacji projektowej i wsparcie realizacji.<\/span><\/p>\n<p><span style=\"font-weight: 400;\">Stanowisko obejmuje przede wszystkim projektowanie <\/span><b>instalacji tryskaczowych i hydrantowych<\/b><span style=\"font-weight: 400;\">. <\/span><span style=\"font-weight: 400;\"><br \/>\n<\/span><span style=\"font-weight: 400;\">Kompetencje w projektach przy <\/span><b>sta\u0142ych urz\u0105dze\u0144 ga\u015bniczych wodnych, w tym mg\u0142y wodnej<\/b><span style=\"font-weight: 400;\">, oraz udzia\u0142 w projektowaniu w \u015brodowisku <\/span><b>BIM<\/b><span style=\"font-weight: 400;\">, b\u0119dzie mile widziane.<\/span><\/p>\n<p><span style=\"font-weight: 400;\">To rola dla osoby technicznej, samodzielnej i odpowiedzialnej, kt\u00f3ra potrafi \u0142\u0105czy\u0107 wymagania normowe, potrzeby inwestycji i praktyczne podej\u015bcie do wykonawstwa.<\/span><\/p>\n<h4><b>Tw\u00f3j zakres obowi\u0105zk\u00f3w<\/b><\/h4>\n<p><span style=\"font-weight: 400;\">&#8211; samodzielne opracowywanie projekt\u00f3w instalacji tryskaczowych oraz instalacji hydrantowych dla obiekt\u00f3w komercyjnych, magazynowych i przemys\u0142owych,\u00a0<\/span><\/p>\n<p><span style=\"font-weight: 400;\">&#8211; wykonywanie oblicze\u0144 hydraulicznych oraz dob\u00f3r komponent\u00f3w instalacji, w tym pomp, zawor\u00f3w, armatury i tryskaczy,\u00a0<\/span><\/p>\n<p><span style=\"font-weight: 400;\">&#8211; przygotowywanie dokumentacji projektowej, wykonawczej, warsztatowej, przetargowej, kontraktowej i powykonawczej,\u00a0<\/span><\/p>\n<p><span style=\"font-weight: 400;\">&#8211; opracowywanie zestawie\u0144 materia\u0142owych oraz specyfikacji technicznych,\u00a0<\/span><\/p>\n<p><span style=\"font-weight: 400;\">&#8211; rysowanie i koordynacja instalacji w \u015brodowisku CAD,\u00a0<\/span><\/p>\n<p><span style=\"font-weight: 400;\">&#8211; zapewnienie zgodno\u015bci projekt\u00f3w z obowi\u0105zuj\u0105cymi normami, wytycznymi, przepisami prawa oraz standardami wewn\u0119trznymi firmy,\u00a0<\/span><\/p>\n<p><span style=\"font-weight: 400;\">&#8211; bie\u017c\u0105cy kontakt techniczny z klientami, dostawcami, rzeczoznawcami oraz przedstawicielami innych bran\u017c,\u00a0<\/span><\/p>\n<p><span style=\"font-weight: 400;\">&#8211; uzgadnianie rozwi\u0105za\u0144 technicznych i koordynacja mi\u0119dzybran\u017cowa,\u00a0<\/span><\/p>\n<p><span style=\"font-weight: 400;\">&#8211; wsparcie techniczne dzia\u0142u realizacji, kierownik\u00f3w monta\u017cu i zespo\u0142\u00f3w wykonawczych,\u00a0<\/span><\/p>\n<p><span style=\"font-weight: 400;\">&#8211; udzia\u0142 w wizjach lokalnych i inwentaryzacjach na obiektach.\u00a0<\/span><\/p>\n<p>&nbsp;<\/p>\n<h4><b>Nasze wymagania<\/b><\/h4>\n<p><span style=\"font-weight: 400;\">&#8211; wykszta\u0142cenie wy\u017csze techniczne, preferowane kierunki: <\/span><b>in\u017cynieria \u015brodowiska, budownictwo<\/b><span style=\"font-weight: 400;\">,\u00a0<\/span><\/p>\n<p><span style=\"font-weight: 400;\">&#8211; minimum <\/span><b>2 lata do\u015bwiadczenia w samodzielnym projektowaniu<\/b><span style=\"font-weight: 400;\"> instalacji tryskaczowych lub innych system\u00f3w ppo\u017c.,\u00a0<\/span><\/p>\n<p><span style=\"font-weight: 400;\">&#8211; praktyczna znajomo\u015b\u0107 projektowania <\/span><b>instalacji tryskaczowych i hydrantowych<\/b><span style=\"font-weight: 400;\">,\u00a0<\/span><\/p>\n<p><span style=\"font-weight: 400;\">&#8211; praktyczna znajomo\u015b\u0107 standard\u00f3w i wytycznych projektowych stosowanych w bran\u017cy, w szczeg\u00f3lno\u015bci: <\/span><b>PN-EN 12845, VdS CEA 4001, NFPA, FM Global<\/b><span style=\"font-weight: 400;\">, a tak\u017ce innych w\u0142a\u015bciwych norm i wytycznych dla instalacji hydrantowych oraz sta\u0142ych urz\u0105dze\u0144 ga\u015bniczych wodnych,\u00a0<\/span><\/p>\n<p><span style=\"font-weight: 400;\">&#8211; umiej\u0119tno\u015b\u0107 wykonywania oblicze\u0144 hydraulicznych oraz doboru rozwi\u0105za\u0144 technicznych,\u00a0<\/span><\/p>\n<p><span style=\"font-weight: 400;\">&#8211; bardzo dobra znajomo\u015b\u0107 <\/span><b>AutoCAD 2D<\/b><span style=\"font-weight: 400;\"> \u2013 warunek konieczny,\u00a0<\/span><\/p>\n<p><span style=\"font-weight: 400;\">&#8211; umiej\u0119tno\u015b\u0107 czytania i tworzenia dokumentacji technicznej oraz projektowej,\u00a0<\/span><\/p>\n<p><span style=\"font-weight: 400;\">&#8211; znajomo\u015b\u0107 pakietu <\/span><b>MS Office<\/b><span style=\"font-weight: 400;\">, w szczeg\u00f3lno\u015bci Excel i Word,\u00a0<\/span><\/p>\n<p><span style=\"font-weight: 400;\">&#8211; dobra znajomo\u015b\u0107 j\u0119zyka angielskiego, umo\u017cliwiaj\u0105ca prac\u0119 z normami i dokumentacj\u0105 techniczn\u0105,\u00a0<\/span><\/p>\n<p><span style=\"font-weight: 400;\">&#8211; samodzielno\u015b\u0107, decyzyjno\u015b\u0107, odpowiedzialno\u015b\u0107 i bardzo dobra organizacja pracy,\u00a0<\/span><\/p>\n<p><span style=\"font-weight: 400;\">&#8211; dok\u0142adno\u015b\u0107, skrupulatno\u015b\u0107 i zaanga\u017cowanie w realizacj\u0119 zada\u0144,\u00a0<\/span><\/p>\n<p><span style=\"font-weight: 400;\">&#8211; umiej\u0119tno\u015b\u0107 wsp\u00f3\u0142pracy z zespo\u0142em projektowym i wykonawczym,\u00a0<\/span><\/p>\n<p><span style=\"font-weight: 400;\">&#8211; prawo jazdy kat. B.\u00a0<\/span><\/p>\n<h4><b>Mile widziane<\/b><\/h4>\n<p><span style=\"font-weight: 400;\">&#8211; do\u015bwiadczenie w projektowaniu <\/span><b>mg\u0142y wodnej<\/b><span style=\"font-weight: 400;\"> lub innych sta\u0142ych urz\u0105dze\u0144 ga\u015bniczych wodnych,\u00a0<\/span><\/p>\n<p><span style=\"font-weight: 400;\">&#8211; znajomo\u015b\u0107 <\/span><b>Revit<\/b><span style=\"font-weight: 400;\"> oraz do\u015bwiadczenie w projektowaniu w \u015brodowisku <\/span><b>BIM<\/b><span style=\"font-weight: 400;\">,\u00a0<\/span><\/p>\n<p><span style=\"font-weight: 400;\">&#8211; uprawnienia budowlane do projektowania w specjalno\u015bci instalacyjnej,\u00a0<\/span><\/p>\n<p><span style=\"font-weight: 400;\">&#8211; do\u015bwiadczenie w koordynacji mi\u0119dzybran\u017cowej na wi\u0119kszych inwestycjach.\u00a0<\/span><\/p>\n<h4><b>Co oferujemy<\/b><\/h4>\n<p><span style=\"font-weight: 400;\">&#8211; stabilne zatrudnienie w oparciu o <\/span><b>umow\u0119 o prac\u0119 lub B2B<\/b><span style=\"font-weight: 400;\"> \u2013 do uzgodnienia,\u00a0<\/span><\/p>\n<p><span style=\"font-weight: 400;\">&#8211; atrakcyjne wynagrodzenie, adekwatne do do\u015bwiadczenia, samodzielno\u015bci i zakresu odpowiedzialno\u015bci,\u00a0<\/span><\/p>\n<p><span style=\"font-weight: 400;\">&#8211; dofinansowanie do pakietu medycznego oraz karty Multisport,\u00a0<\/span><\/p>\n<p><span style=\"font-weight: 400;\">&#8211; mo\u017cliwo\u015b\u0107 udzia\u0142u w ciekawych i zr\u00f3\u017cnicowanych projektach dla wymagaj\u0105cych klient\u00f3w,\u00a0<\/span><\/p>\n<p><span style=\"font-weight: 400;\">&#8211; realny wp\u0142yw na bezpiecze\u0144stwo obiekt\u00f3w poprzez projektowanie niezawodnych system\u00f3w ochrony przeciwpo\u017carowej,\u00a0<\/span><\/p>\n<p><span style=\"font-weight: 400;\">&#8211; mo\u017cliwo\u015b\u0107 rozwoju zawodowego poprzez udzia\u0142 w szkoleniach bran\u017cowych i wewn\u0119trznych,\u00a0<\/span><\/p>\n<p><span style=\"font-weight: 400;\">&#8211; wsparcie do\u015bwiadczonego zespo\u0142u projektowego oraz sprawn\u0105 organizacj\u0119 pracy,\u00a0<\/span><\/p>\n<p><span style=\"font-weight: 400;\">&#8211; niezb\u0119dne narz\u0119dzia pracy i oprogramowanie projektowe,\u00a0<\/span><\/p>\n<p><span style=\"font-weight: 400;\">&#8211; przyjazn\u0105 atmosfer\u0119 pracy opart\u0105 na wsp\u00f3\u0142pracy, szacunku i wzajemnym wsparciu,\u00a0<\/span><\/p>\n<p><span style=\"font-weight: 400;\">&#8211; mo\u017cliwo\u015b\u0107 zdobywania specjalistycznej wiedzy w perspektywicznej bran\u017cy zabezpiecze\u0144 przeciwpo\u017carowych.\u00a0<\/span><\/p>\n<h4><b>Dlaczego warto do nas do\u0142\u0105czy\u0107<\/b><\/h4>\n<p><span style=\"font-weight: 400;\">Jeste\u015bmy wyspecjalizowan\u0105 firm\u0105 dzia\u0142aj\u0105c\u0105 w bran\u017cy zabezpiecze\u0144 przeciwpo\u017carowych, w kt\u00f3rej licz\u0105 si\u0119 konkretne kompetencje techniczne, odpowiedzialno\u015b\u0107 za jako\u015b\u0107 opracowa\u0144 i praktyczne podej\u015bcie do projektowania.<\/span><\/p>\n<p><span style=\"font-weight: 400;\">U nas projektowanie nie ko\u0144czy si\u0119 na dokumentacji. Tworzymy rozwi\u0105zania, kt\u00f3re maj\u0105 dzia\u0142a\u0107 skutecznie na budowie i w eksploatacji. Szukamy os\u00f3b, kt\u00f3re potrafi\u0105 samodzielnie prowadzi\u0107 projekty, rozumiej\u0105 wymagania normowe i chc\u0105 rozwija\u0107 si\u0119 w \u015brodowisku technicznym bez zb\u0119dnej korporacyjnej warstwy.<\/span><\/p>\n<h4><b>Jak aplikowa\u0107<\/b><\/h4>\n<p><span style=\"font-weight: 400;\">Prze\u015blij swoje CV na adres: <\/span><b>rekrutacja@firewall.net.pl<\/b><span style=\"font-weight: 400;\"><br \/>\n<\/span><span style=\"font-weight: 400;\">lub skontaktuj si\u0119 telefonicznie: <\/span><b>+48 22 789 17 28<\/b><\/p>\n<p><span style=\"font-weight: 400;\">W tytule wiadomo\u015bci wpisz: <\/span><b>Projektant instalacji tryskaczowych (k\/m)<\/b><\/p>\n","protected":false},"excerpt":{"rendered":"<p>Praca w biurze w J\u00f3zefowie k. Warszawy | okazjonalne delegacje na wizje lokalne na terenie Polski O stanowisku Firewall Sp. z o.o. poszukuje osoby na stanowisko Projektanta instalacji tryskaczowych (k\/m) do samodzielnego prowadzenia projekt\u00f3w dla obiekt\u00f3w komercyjnych, magazynowych i przemys\u0142owych. Szukamy kandydata, kt\u00f3ry ma do\u015bwiadczenie w projektowaniu instalacji przeciwpo\u017carowych, dobrze zna specyfik\u0119 instalacji tryskaczowych i [&hellip;]<\/p>\n","protected":false},"author":1,"featured_media":0,"parent":11112,"menu_order":0,"comment_status":"closed","ping_status":"closed","template":"","meta":{"footnotes":""},"class_list":["post-21428","page","type-page","status-publish","hentry"],"_links":{"self":[{"href":"https:\/\/firewall.net.pl\/index.php\/wp-json\/wp\/v2\/pages\/21428","targetHints":{"allow":["GET"]}}],"collection":[{"href":"https:\/\/firewall.net.pl\/index.php\/wp-json\/wp\/v2\/pages"}],"about":[{"href":"https:\/\/firewall.net.pl\/index.php\/wp-json\/wp\/v2\/types\/page"}],"author":[{"embeddable":true,"href":"https:\/\/firewall.net.pl\/index.php\/wp-json\/wp\/v2\/users\/1"}],"replies":[{"embeddable":true,"href":"https:\/\/firewall.net.pl\/index.php\/wp-json\/wp\/v2\/comments?post=21428"}],"version-history":[{"count":2,"href":"https:\/\/firewall.net.pl\/index.php\/wp-json\/wp\/v2\/pages\/21428\/revisions"}],"predecessor-version":[{"id":22095,"href":"https:\/\/firewall.net.pl\/index.php\/wp-json\/wp\/v2\/pages\/21428\/revisions\/22095"}],"up":[{"embeddable":true,"href":"https:\/\/firewall.net.pl\/index.php\/wp-json\/wp\/v2\/pages\/11112"}],"wp:attachment":[{"href":"https:\/\/firewall.net.pl\/index.php\/wp-json\/wp\/v2\/media?parent=21428"}],"curies":[{"name":"wp","href":"https:\/\/api.w.org\/{rel}","templated":true}]}}